pose -6*o = -7*o - 4. Let l be (-3 - (0 + o)) + 4. Suppose 273 = 2*m + l*m. What are the prime factors of m?
3, 13
Let v(u) = -25*u - 99. What are the prime factors of v(-18)?
3, 13
Let k(y) be the first derivative of -3*y**2 - 20*y - 1. Let q be k(-8). Suppose 7*j = 11*j - q. What are the prime factors of j?
7
Let g(j) = -423*j - 14. What are the prime factors of g(-1)?
409
Suppose -4*p - 5*a + 52 = -13, -2*a + 40 = 3*p. Suppose -687 = -p*c + 83. What are the prime factors of c?
7, 11
Let u be -3 - (-13 - 12/(-4)). Let c(w) be the first derivative of w**3/3 - 3*w**2 + 13*w - 4. What are the prime factors of c(u)?
2, 5
Let k(j) = -9*j + 11. Suppose 3 = 3*i + 18. What are the prime factors of k(i)?
2, 7
Suppose -11 - 4 = -5*p. Suppose -p*s - 6 = 0, 3*n + 2*n - 877 = s. List the prime factors of n.
5, 7
What are the prime factors of (-5799)/(-1) - -22 - (-5 + 1)?
5, 233
Suppose -2*p = 4*s - 228, 3*p - 4*p = -s + 54. Suppose 108 = w - a, s = -2*w - 5*a + 293. List the prime factors of w.
3, 37
Let x(b) = -4*b + 5. Let n be x(-5). Suppose -n = -8*q + 3*q. Suppose 0 = 5*t - 3*m - 113, q*t = t + 5*m + 93. List the prime factors of t.
2, 11
What are the prime factors of ((-57)/(-3))/((-3)/(-21))?
7, 19
Let h = -43 + 35. List the prime factors of 4/h*35*-10.
5, 7
Let y(n) = 2*n - 28. Let z be y(16). Suppose -z*t + 10 = d, -d + 5*t = 4*d + 50. What are the prime factors of (d - 9)/((-1)/3)?
3, 5
Let m = -17 - -21. Suppose 25 = -5*y, m*g + 5*y = -5 - 0. List the prime factors of -38*(4 - g - 0).
2, 19
Let a(r) = -r**3 - 11*r**2 + 6*r + 15. Let w be a(-12). Suppose 3*s - 5*i - 20 = -s, -2*i = s + 8. Suppose s = 5*c - w + 37. List the prime factors of c.
2, 5
Suppose 4*l = -l - 15, -k + 6489 = l. What are the prime factors of k?
2, 3, 541
Let t(x) = -2*x**2 + 33*x + 3. Let w be t(16). Suppose 0 = -w*c + 23*c - 200. What are the prime factors of c?
2, 5
Let l(r) = -8*r**3 + 16*r**2 + 16*r + 8. List the prime factors of l(-6).
2, 277
Suppose -3*u = 5*m - 25, -5*u - 2*m - 2*m + 20 = 0. Suppose u = -2*g + 23 + 21. What are the prime factors of g?
2, 11
Let y = 0 - -2. Suppose y*x - 4*x - 6 = 0. What are the prime factors of 1 - -1 - (x + -8)?
13
Let t(a) = -7*a - 21. Let m be t(-6). Let s = m + -21. Suppose 2*p + 110 = 4*y, s*y + 4*y - 75 = -5*p. List the prime factors of y.
5
Suppose n = -4*n + 25. Suppose -198 = -n*i - u, u = 5*i + 4*u - 204. Let l = -23 + i. List the prime factors of l.
2
Suppose 13 = 5*q - 22. Suppose -4*f + q*f = 9. Suppose -4*w + f*w = -2. What are the prime factors of w?
2
Let a = -990 - -1058. What are the prime factors of a?
2, 17
Suppose 2*c = -2*q + 3*q - 67, 5*q = 3*c + 300. Suppose 4*m - 4*o = 84, 2*m - o = 4*o + q. What are the prime factors of m?
2
Suppose -4*r + l = 77, r - 100 = 6*r - 5*l. Let o be (r/2)/((-3)/6). Let p = o - -7. What are the prime factors of p?
2, 13
Let q = 1012 - 516. What are the prime factors of q?
2, 31
Let k = -642 - -727. What are the prime factors of k?
5, 17
Suppose -3*i + 8*i = o - 16, -12 = 3*o. Let u(s) = 5*s**2 + 2*s - 3. What are the prime factors of u(i)?
3, 23
Let l(x) = -x**2 - 8*x - 8. Let c be l(-5). Let v(f) = -5*f - f + 5*f + c. What are the prime factors of v(-9)?
2
Suppose -5*r - 3*i = -46, 4*r + 3*i = -11 + 49. What are the prime factors of 6/4 + 740/r?
2, 47
Suppose -39*b = -35*b - 592. List the prime factors of b.
2, 37
Suppose 331 = -9*o + 1537. Suppose 6*f + o = 764. List the prime factors of f.
3, 5, 7
Suppose -5644 = -4*g + 2*j, -339 = 4*g - 5*j - 5977. What are the prime factors of g?
2, 353
Let i be ((-4)/(-8))/(2/4)*0. Suppose 12*o + 9*o - 5082 = i. List the prime factors of o.
2, 11
Let d(n) = 6*n**2 - 5. Let u be d(-2). Let x = u + 22. What are the prime factors of x?
41
Let g be 5 - 0/((-25)/5). Suppose -f + 180 = g*f. What are the prime factors of f?
2, 3, 5
Let t(i) = -4*i**2 + 4*i**2 + 5 + i**2 + 4*i + i. Let u be t(-5). Suppose -u*l = -113 - 37. List the prime factors of l.
2, 3, 5
Let q(o) = -159*o**3 - o**2 + o + 1. Let n be q(-1). Let f = n + 3. What are the prime factors of f?
7, 23
Suppose -13*c - 222 = -1899. What are the prime factors of c?
3, 43
Suppose -572038 = -113*n - 29751. What are the prime factors of n?
4799
Suppose 2*j + 155 = 35. What are the prime factors of ((-36)/j + 27/(-20))*-156?
3, 13
Let t = 9 - 8. Let g be (t - 1)/(-4)*1. Suppose 10 = 2*w - g. List the prime factors of w.
5
Let j = 54 - -75. Suppose -3*m - 5*u = -324, -j = -m - 4*u - 14. List the prime factors of m.
103
Let z be (-2)/(-4)*4/(-1)*1. What are the prime factors of (-45)/(-12) - ((-33)/(-12) + z)?
3
Let f = 14 - 34. Let i(o) = o**2 + 18*o + 14. List the prime factors of i(f).
2, 3
Suppose 2*g - 3*p - 22 - 2 = 0, 3*p + 69 = 5*g. Let v(b) = 11*b - 4*b + 1 - 6*b. What are the prime factors of v(g)?
2
Suppose 3*q + 0*q - 30 = 0. Suppose 0 = 2*i - 4*v + q, i - 7 = -0*i - v. Suppose -95 = -2*h - 3*d, i*h + h + 2*d - 178 = 0. List the prime factors of h.
43
Let q(p) be the third derivative of -5*p**4/24 + 13*p**3/6 + 22*p**2. List the prime factors of q(-9).
2, 29
What are the prime factors of ((-36)/(-99))/2 - (-1582)/11?
2, 3
Let i be -2 - -3 - (0 + -73). Let d(r) = -r**3 + 2*r**2 + 24*r - 13. Let v be d(5). Let g = i - v. List the prime factors of g.
2, 3, 7
Let g = -100 + 103. What are the prime factors of 2/g*1332/8?
3, 37
Suppose h = 43 + 99. Let f = 240 - h. List the prime factors of f.
2, 7
Let f(n) = n**2 - 18*n + 22. Let i be f(15). Let j = 31 + i. List the prime factors of j.
2
Let v(f) be the second derivative of f**4/12 + f**3/2 - 13*f**2/2 + f. Let r be v(9). Suppose -8*d + r = -3*d. List the prime factors of d.
19
Suppose -5*j = -4 - 41. Suppose 2*l - 3*q - 149 = -0*l, 0 = 3*q + j. What are the prime factors of l?
2, 5, 7
Let k(v) = 7 - 4562*v**3 - 3*v**2 + 4561*v**3 + 21*v - 6*v**2. List the prime factors of k(-11).
2, 3
Suppose -5*j - 257 = -3102. List the prime factors of j.
569
Let k(x) = 8*x - 30. Let h be k(4). Suppose 2*s - 190 = -2*u + 3*s, s = h. List the prime factors of u.
2, 3
Suppose 0 = -5*n + d + 19, 0 = -3*n + 2*d - 0*d + 10. List the prime factors of 67*(3 + n + (-16)/4).
3, 67
Let v = 2 - -2. Let y(f) = -5*f - 3. Let c be y(v). Let n = -12 - c. What are the prime factors of n?
11
Suppose -7*c - 20*c = -90882. List the prime factors of c.
2, 3, 11, 17
What are the prime factors of (-27603)/(-21) - (-7 + (-156)/(-21))?
2, 3, 73
Let d = 60 - 58. What are the prime factors of 32 - -51 - -2*(1 - d)?
3
Let d(c) = c**2 - 5*c + 5. Suppose 0 = -3*b + 4*h + 9, 5 = 4*b + 5*h - 7. Suppose t + 2 = b*i - 7, -4*t + 4*i = -4. List the prime factors of d(t).
11
Let n = -28 - -27. Let j be (n - -2) + -6 + 200. Suppose 4*y + 8 = 0, 2*y + 3*y = 5*w - j. What are the prime factors of w?
37
Let j = -292 + 412. Suppose -4*a = 0, 2*w - j = -2*a - 6. What are the prime factors of w?
3, 19
Suppose -181 = -4*q + 79. Let a = q - -79. Suppose -3*t + a = -3*c, -3*c = -3*t + c + 140. What are the prime factors of t?
2, 13
Suppose -b + 323 = 2*z, 2*z - 310 + 1552 = 4*b. List the prime factors of b.
313
Suppose 76*v - 268256 = -7*v. What are the prime factors of v?
2, 101
Suppose 5*f = -3*w + 1060, 0*f - 3*w = 4*f - 851. Suppose -o - 5*r = -f, 2*r - 1091 = -2*o - 3*o. What are the prime factors of o?
3, 73
Suppose 3*p + p - 2*s - 7798 = 0, 2*p = 5*s + 3887. What are the prime factors of p?
1951
Suppose 0 = -b + 3, -5*j - 4*b = -2*b - 76. List the prime factors of (0 - j)*2/(-4).
7
Suppose 0 = -q - 5*q + 18. Suppose q*h = -6*h + 450. List the prime factors of h.
2, 5
Suppose 0 = b - 3*m - 759, 3811 = 9*b - 4*b + m. What are the prime factors of b?
2, 3, 127
Let u be (52*(-26)/(-4))/((-2)/(-1)). Suppose 8*y - 11*y + 493 = s, u = y + 5*s. List the prime factors of y.
2, 41
Let w(j) = 6*j + 61. Let l(v) = -v + 1. Let d(o) = 5*l(o) + w(o). Let g be d(0). Suppose -3*a + g = -a. List the prime factors of a.
3, 11
List the prime factors of 1/(-4) + ((-16233)/12)/(-7).
193
Suppose 0 = -2*p - 3*o + 60 + 78, -3*p = -o - 196. Suppose 5*t - 24*s + 136 = -21*s, 5*s = -2*t - 73. Let f = t + p. What are the prime factors of f?
37
Let h(q) = 2*q**2 - 4*q + 7. Let p be h(-6). Let v(k) = k - 16. Let t be v(20). Suppose -3*a + 2*a = 5*n - 9, -5*a + t*n = -p. What are the prime factors of a?
19
List th